 (base 13) to base 11.
-11068
What is 1020210 (base 3) in base 13?
552
What is 100101010111011 (base 2) in base 14?
6d87
1001022201 (base 3) to base 9
31281
Convert -30234 (base 6) to base 15.
-12a7
What is 3287 (base 9) in base 7?
10036
Convert -297 (base 13) to base 15.
-20c
What is -2c0 (base 15) in base 5?
-10010
Convert -1aab (base 13) to base 16.
-fbc
1112 (base 9) to base 6
3445
What is -50134 (base 8) in base 11?
-14502
2132 (base 5) to base 10
292
Convert -26210 (base 9) to base 16.
-4503
-254b (base 15) to base 12
-4722
-612 (base 12) to base 5
-12003
What is -558 (base 10) in base 3?
-202200
What is 132202 (base 4) in base 2?
11110100010
Convert -6158 (base 13) to base 9.
-20365
What is -97b (base 13) in base 10?
-1623
What is -32ea (base 15) in base 11?
-8124
What is -1a6 (base 11) in base 5?
-1422
What is -71d (base 16) in base 5?
-24241
Convert -2227 (base 8) to base 7.
-3266
What is 323b (base 15) in base 2?
10100110000111
-a8d (base 15) to base 12
-1467
3683 (base 9) to base 13
1335
Convert 1512 (base 6) to base 11.
338
What is 1166 (base 11) in base 8?
2764
1a2 (base 11) to base 4
3221
What is -c021 (base 15) in base 6?
-511351
Convert 1b67 (base 15) to base 8.
13473
What is 5361 (base 10) in base 12?
3129
What is -115350 (base 6) in base 11?
-7805
Convert 494 (base 14) to base 9.
1225
22767 (base 10) to base 13
a494
145153 (base 7) to base 14
a3d3
Convert 10323003 (base 4) to base 7.
112533
235524 (base 6) to base 7
114253
Convert -10817 (base 10) to base 6.
-122025
Convert 2f61 (base 16) to base 15.
38d9
412415 (base 7) to base 9
116658
What is -404 (base 13) in base 16?
-2a8
-1412234 (base 5) to base 2
-111000110001101
1809 (base 12) to base 14
10a5
-14b (base 13) to base 3
-22121
What is 78e (base 16) in base 4?
132032
-2013 (base 4) to base 15
-90
What is a6 (base 15) in base 4?
2130
-1000011110100 (base 2) to base 11
-3296
Convert 1bf (base 16) to base 14.
23d
1256 (base 15) to base 9
5320
-1120101 (base 3) to base 7
-3223
What is 68cc (base 13) in base 2?
11100101101110
What is 4856 (base 9) in base 6?
24423
What is 53325 (base 6) in base 5?
213003
What is -11a47 (base 13) in base 6?
-410255
Convert -32213 (base 5) to base 16.
-887
What is 5280 (base 10) in base 14?
1cd2
31212 (base 5) to base 7
5666
What is -33111 (base 5) in base 4?
-203221
Convert 101022 (base 3) to base 16.
116
-419 (base 13) to base 7
-2015
What is 254 (base 7) in base 14?
9b
What is 10673 (base 9) in base 14?
2841
-121515 (base 6) to base 9
-15702
What is 453 (base 12) in base 13?
3a2
Convert 1210 (base 11) to base 6.
11200
1266 (base 8) to base 13
415
Convert -6440 (base 8) to base 9.
-4543
Convert 10156 (base 14) to base 16.
9720
Convert 43742 (base 11) to base 9.
106030
-1650 (base 9) to base 12
-890
629 (base 13) to base 16
419
Convert 36d1 (base 15) to base 11.
8850
-42c1 (base 16) to base 4
-10023001
-1f3d (base 16) to base 4
-1330331
What is 1a78 (base 12) in base 11?
24a4
Convert -22714 (base 11) to base 13.
-11c17
-220221120 (base 3) to base 4
-10130022
Convert -5887 (base 10) to base 11.
-4472
-53502 (base 8) to base 4
-11131002
What is 817 (base 12) in base 8?
2223
Convert -1022120 (base 3) to base 2.
-1111000000
Convert -1011010110001111 (base 2) to base 8.
-132617
2221 (base 6) to base 11
430
Convert -110010101 (base 2) to base 8.
-625
Convert 514 (base 8) to base 2.
101001100
Convert -2232122 (base 4) to base 12.
-6562
What is 1010001011011 (base 2) in base 5?
131321
What is -39cc (base 16) in base 4?
-3213030
Convert -42242 (base 6) to base 11.
-4325
What is -3023023 (base 5) in base 14?
-13973
-278b (base 16) to base 13
-47b9
-2432 (base 10) to base 6
-15132
Convert d2e (base 15) to base 8.
5631
What is -39ca (base 15) in base 16?
-3034
730 (base 16) to base 9
2464
Convert 643 (base 14) to base 13.
740
Convert -330121 (base 4) to base 3.
-12022011
What is 1ed (base 16) in base 3?
200021
-100000010000100 (base 2) to base 12
-9684
13363 (base 7) to base 3
11222011
-133d0 (base 14) to base 13
-18777
What is 3146 (base 7) in base 11?
921
Convert 1220 (base 12) to base 16.
7f8
Convert 1155 (base 6) to base 9.
348
What is 33313 (base 4) in base 14?
527
22a (base 11) to base 12
1aa
1001001001 (base 2) to base 3
210200
What is 13021 (base 5) in base 15?
476
Convert -21231 (base 7) to base 6.
-40213
What is -2a (base 14) in base 12?
-32
-2112 (base 6) to base 11
-3a3
-423 (base 5) to base 6
-305
2051 (base 6) to base 12
327
2201000 (base 3) to base 16
7b3
Convert -21237 (base 8) to base 2.
-10001010011111
What is -7a99 (base 15) in base 10?
-26019
-262003 (base 7) to base 15
-e674
What is -110110 (base 3) in base 2?
-101010000
Convert -422 (base 5) to base 4.
-1300
Convert 1122001 (base 3) to base 15.
544
Convert -16d (base 14) to base 15.
-148
Convert 23422 (base 6) to base 15.
1018
What is -44671 (base 8) in base 12?
-ab09
What is -2591 (base 10) in base 14?
-d31
Convert -7850 (base 14) to base 15.
-629b
Convert -512 (base 10) to base 11.
-426
39402 (base 12) to base 7
444251
What is 609a (base 14) in base 4?
10003120
What is -26455 (base 12) in base 6?
-1042545
What is 10011000011111 (base 2) in base 8?
23037
Convert 31423 (base 5) to base 14.
aad
What is -892a (base 13) in base 6?
-224325
What is 104 (base 16) in base 15?
125
What is 139 (base 12) in base 11?
162
100101101111 (base 2) to base 11
18a6
What is -222221211 (base 3) in base 15?
-5c51
Convert 115 (base 7) to base 15.
41
Convert 1055 (base 16) to base 5.
113211
What is 967 (base 16) in base 11?
1899
-c362 (base 14) to base 13
-123aa
Convert 2363 (base 16) to base 6.
105535
Convert -a89 (base 11) to base 5.
-20212
What is 10792 (base 10) in base 13?
4bb2
30311 (base 7) to base 13
3470
-10322 (base 4) to base 6
-1242
-15748 (base 9) to base 8
-25101
4401134 (base 5) to base 13
282a3
What is -e5 (base 15) in base 12?
-15b
Convert -21502 (base 6) to base 5.
-43430
-1250 (base 6) to base 15
-163
What is -33a (base 16) in base 10?
-826
Convert 201001 (base 3) to base 15.
244
c373 (base 16) to base 13
19a0b
252 (base 10) to base 13
165
Convert 1011000 (base 2) to base 15.
5d
-3c4 (base 15) to base 4
-31123
Convert -9055 (base 15) to base 6.
-352555
Convert -10002011 (base 3) to base 16.
-8c5
-1720 (base 8) to base 7
-2563
Convert -24055 (base 10) to base 7.
-130063
Convert -32401 (base 6) to base 3.
-20010101
Convert c1e (base 16) to base 8.
6036
-a89 (base 14) to base 9
-2762
336 (base 13) to base 14
2b6
Convert -5752 (base 8) to base 9.
-4158
What is -122124 (base 6) in base 14?
-3d52
131112 (base 5) to base 14
1c45
What is -1013221 (base 4) in base 14?
-1957
Convert -100136 (base 7) to base 15.
-5008
What is -2391 (base 15) in base 9?
-11331
What is 15223 (base 7) in base 9?
5721
What is -1149 (base 10) in base 6?
-5153
What is 364 (base 13) in base 5?
4324
Convert -b4 (base 16) to base 6.
-500
What is 3360 (base 8) in base 6?
12120
What is -385 (base 13) in base 16?
-268
1349 (base 12) to base 3
10001010
What is 40b5 (base 13) in base 9?
13228
Convert -512 (base 11) to base 12.
-436
-471 (base 15) to base 14
-51c
Convert -2102201 (base 3) to base 6.
-12114
30314 (base 9) to base 2
100110111100011
What is -3094 (base 10) in base 16?
-c16
9ea (base 16) to base 12
1576
What is -233a (base 11) in base 12?
-1938
Convert a4ac (base 15) to base 3.
1202202100
Convert -11011110111001 (base 2) to base 3.
-201120100
-11001111111 (base 2) to base 15
-75d
What is 1463 (base 8) in base 7?
2250
Convert 2100220 (base 3) to base 10.
1725
What is 515 (base 9) in base 14?
21d
What is -100363 (base 8) in base 2?
-1000000011110011
Convert -131 (base 9) to base 15.
-74
What is 2102112020 (base 3) in base 9?
72466
What is 1422 (base 7) in base 11?
465
Convert 1984 (base 16) to base 6.
50124
18379 (base 10) to base 15
56a4
-136 (base 13) to base 8
-326
-16d (base 15) to base 11
-279
What is 211225 (base 6) in base 9?
25468
-302130 (base 4) to base 15
-e53
Convert 340233 (base 5) to base 8.
27247
-1456 (base 8) to base 10
-814
Convert -1ef (base 16) to base 4.
-13233
Convert -1110011100 (base 2) to base 7.
-2460
Convert -494 (base 10) to base 4.
-13232
What is -15c6 (base 16) in base 10?
-5574
Convert -2203012 (base 4) to base 9.
-15277
What is -113130 (base 4) in base 11?
-1144
Convert 4a4 (base 12